{"id":2,"date":"2023-10-26T01:19:05","date_gmt":"2023-10-25T23:19:05","guid":{"rendered":"http:\/\/cbdcentralepro.fr\/?page_id=2"},"modified":"2024-04-10T01:24:41","modified_gmt":"2024-04-09T23:24:41","slug":"page-d-exemple","status":"publish","type":"page","link":"https:\/\/cbdcentralepro.fr\/","title":{"rendered":"Vente de CBD haut de gamme aux professionnels"},"content":{"rendered":"\n<p class=\"has-text-align-center\">Nos marques<\/p>\n\n\n\n<div class=\"wp-block-columns is-layout-flex wp-container-core-columns-is-layout-1 wp-block-columns-is-layout-flex\">\n<div class=\"wp-block-column is-layout-flow wp-block-column-is-layout-flow\"><div class=\"wp-block-image\">\n<figure class=\"aligncenter size-full is-resized\"><a href=\"https:\/\/cbdcentralepro.fr\/index.php\/vente-en-gros-cbd-budah-bud\/\"><img loading=\"lazy\" decoding=\"async\" width=\"800\" height=\"573\" src=\"https:\/\/cbdcentralepro.fr\/wp-content\/uploads\/2024\/04\/grossiste-cbd-prmium-suisse.jpg\" alt=\"\" class=\"wp-image-236\" style=\"aspect-ratio:1.3961605584642234;object-fit:cover;width:500px\" srcset=\"https:\/\/cbdcentralepro.fr\/wp-content\/uploads\/2024\/04\/grossiste-cbd-prmium-suisse.jpg 800w, https:\/\/cbdcentralepro.fr\/wp-content\/uploads\/2024\/04\/grossiste-cbd-prmium-suisse-300x215.jpg 300w, https:\/\/cbdcentralepro.fr\/wp-content\/uploads\/2024\/04\/grossiste-cbd-prmium-suisse-768x550.jpg 768w, https:\/\/cbdcentralepro.fr\/wp-content\/uploads\/2024\/04\/grossiste-cbd-prmium-suisse-600x430.jpg 600w\" sizes=\"auto, (max-width: 800px) 100vw, 800px\" \/><\/a><\/figure><\/div>\n\n\n<h3 class=\"wp-block-heading has-text-align-center\">Le CBD relaxant (naturel)<\/h3>\n<\/div>\n\n\n\n<div class=\"wp-block-column is-layout-flow wp-block-column-is-layout-flow\"><div class=\"wp-block-image\">\n<figure class=\"aligncenter size-full is-resized\"><a href=\"https:\/\/cbdcentralepro.fr\/index.php\/vente-en-gros-cbd-high-budi\/\"><img loading=\"lazy\" decoding=\"async\" width=\"800\" height=\"573\" src=\"https:\/\/cbdcentralepro.fr\/wp-content\/uploads\/2024\/04\/grossiste-h4cbd-cbd-suisse-premium-neocanidoide.jpg\" alt=\"\" class=\"wp-image-235\" style=\"aspect-ratio:1.3961605584642234;object-fit:cover;width:500px\" srcset=\"https:\/\/cbdcentralepro.fr\/wp-content\/uploads\/2024\/04\/grossiste-h4cbd-cbd-suisse-premium-neocanidoide.jpg 800w, https:\/\/cbdcentralepro.fr\/wp-content\/uploads\/2024\/04\/grossiste-h4cbd-cbd-suisse-premium-neocanidoide-300x215.jpg 300w, https:\/\/cbdcentralepro.fr\/wp-content\/uploads\/2024\/04\/grossiste-h4cbd-cbd-suisse-premium-neocanidoide-768x550.jpg 768w, https:\/\/cbdcentralepro.fr\/wp-content\/uploads\/2024\/04\/grossiste-h4cbd-cbd-suisse-premium-neocanidoide-600x430.jpg 600w\" sizes=\"auto, (max-width: 800px) 100vw, 800px\" \/><\/a><\/figure><\/div>\n\n\n<h3 class=\"wp-block-heading has-text-align-center\">Le CBD stimulant (<em>n\u00e9o<\/em>&#8211;<em>cannabino\u00efdes<\/em>)<\/h3>\n<\/div>\n<\/div>\n\n\n\n<div style=\"height:35px\" aria-hidden=\"true\" class=\"wp-block-spacer\"><\/div>\n\n\n\n<div class=\"wp-block-cover alignfull is-light wp-duotone-unset-1\" style=\"margin-top:0;padding-top:4vw;padding-right:4vw;padding-bottom:4vw;padding-left:4vw;min-height:50vh;aspect-ratio:unset;\"><span aria-hidden=\"true\" class=\"wp-block-cover__background has-white-background-color has-background-dim-20 has-background-dim\"><\/span><img loading=\"lazy\" decoding=\"async\" width=\"1350\" height=\"704\" class=\"wp-block-cover__image-background wp-image-90\" alt=\"\" src=\"https:\/\/cbdcentralepro.fr\/wp-content\/uploads\/2023\/12\/vente-cbd-grossiste-en-semi-gros.jpeg\" data-object-fit=\"cover\" srcset=\"https:\/\/cbdcentralepro.fr\/wp-content\/uploads\/2023\/12\/vente-cbd-grossiste-en-semi-gros.jpeg 1350w, https:\/\/cbdcentralepro.fr\/wp-content\/uploads\/2023\/12\/vente-cbd-grossiste-en-semi-gros-300x156.jpeg 300w, https:\/\/cbdcentralepro.fr\/wp-content\/uploads\/2023\/12\/vente-cbd-grossiste-en-semi-gros-1024x534.jpeg 1024w, https:\/\/cbdcentralepro.fr\/wp-content\/uploads\/2023\/12\/vente-cbd-grossiste-en-semi-gros-768x400.jpeg 768w, https:\/\/cbdcentralepro.fr\/wp-content\/uploads\/2023\/12\/vente-cbd-grossiste-en-semi-gros-600x313.jpeg 600w\" sizes=\"auto, (max-width: 1350px) 100vw, 1350px\" \/><div class=\"wp-block-cover__inner-container is-layout-flow wp-block-cover-is-layout-flow\">\n<div class=\"wp-block-group\"><div class=\"wp-block-group__inner-container is-layout-flow wp-block-group-is-layout-flow\">\n<h2 class=\"wp-block-heading has-text-align-center has-black-color has-text-color\" style=\"font-size:40px\">Vente de CBD en gros \/ semi-gros aux d\u00e9taillants (shops, buralistes)<\/h2>\n\n\n\n<div style=\"height:48px\" aria-hidden=\"true\" class=\"wp-block-spacer\"><\/div>\n\n\n\n<div class=\"wp-block-buttons is-content-justification-center is-layout-flex wp-container-core-buttons-is-layout-1 wp-block-buttons-is-layout-flex\">\n<div class=\"wp-block-button has-custom-width wp-block-button__width-50 has-custom-font-size\" style=\"font-size:15px;font-style:normal;font-weight:700;letter-spacing:1px;text-transform:uppercase\"><a class=\"wp-block-button__link has-white-color has-black-background-color has-text-color has-background wp-element-button\" href=\"https:\/\/cbdcentralepro.fr\/index.php\/contacter-cbd-centrale-pro\/\" style=\"padding-top:32px;padding-right:48px;padding-bottom:32px;padding-left:48px\">Contacter CBD Centrale Pro<\/a><\/div>\n<\/div>\n<\/div><\/div>\n\n\n\n<div style=\"height:45px\" aria-hidden=\"true\" class=\"wp-block-spacer\"><\/div>\n\n\n\n<p class=\"has-text-align-center\" style=\"font-size:22px\"><a href=\"https:\/\/cbdcentralepro.fr\/index.php\/les-tarifs-de-cbd-centrale-pro\/\" title=\"\"><strong>Recevoir les tarifs de CBD Centrale Pro<\/strong><\/a><\/p>\n\n\n\n<div style=\"height:35px\" aria-hidden=\"true\" class=\"wp-block-spacer\"><\/div>\n\n\n\n<h3 class=\"wp-block-heading has-text-align-center\">CBD de qualit\u00e9 sup\u00e9rieure<\/h3>\n<\/div><\/div>\n\n\n\n<div style=\"height:30px\" aria-hidden=\"true\" class=\"wp-block-spacer\"><\/div>\n\n\n\n<p class=\"has-text-align-center\"><\/p>\n\n\n\n<div style=\"height:47px\" aria-hidden=\"true\" class=\"wp-block-spacer\"><\/div>\n\n\n\n<div class=\"wp-block-cover alignfull wp-duotone-unset-2\" style=\"margin-top:0;padding-top:4vw;padding-right:4vw;padding-bottom:4vw;padding-left:4vw;min-height:50vh;aspect-ratio:unset;\"><span aria-hidden=\"true\" class=\"wp-block-cover__background has-background-dim\" style=\"background-color:#20351b\"><\/span><img loading=\"lazy\" decoding=\"async\" width=\"1011\" height=\"933\" class=\"wp-block-cover__image-background wp-image-49\" alt=\"\" src=\"https:\/\/cbdcentralepro.fr\/wp-content\/uploads\/2023\/10\/vente-en-gros-de-cbd.jpg\" data-object-fit=\"cover\" srcset=\"https:\/\/cbdcentralepro.fr\/wp-content\/uploads\/2023\/10\/vente-en-gros-de-cbd.jpg 1011w, https:\/\/cbdcentralepro.fr\/wp-content\/uploads\/2023\/10\/vente-en-gros-de-cbd-300x277.jpg 300w, https:\/\/cbdcentralepro.fr\/wp-content\/uploads\/2023\/10\/vente-en-gros-de-cbd-768x709.jpg 768w, https:\/\/cbdcentralepro.fr\/wp-content\/uploads\/2023\/10\/vente-en-gros-de-cbd-600x554.jpg 600w\" sizes=\"auto, (max-width: 1011px) 100vw, 1011px\" \/><div class=\"wp-block-cover__inner-container is-layout-flow wp-block-cover-is-layout-flow\">\n<div class=\"wp-block-group\"><div class=\"wp-block-group__inner-container is-layout-flow wp-block-group-is-layout-flow\">\n<p class=\"has-text-align-center has-white-color has-text-color has-medium-font-size\">Les marques s\u00e9lectionn\u00e9es par CBD Centrale Pro constituent un large choix de produits de qualit\u00e9 premium. Les <strong>fleurs de CBD<\/strong> servant  \u00e0 la confection de nos produits sont cultiv\u00e9es en int\u00e9rieur (Indoor) et issues d&#8217;une agriculture biologique. <\/p>\n\n\n\n<div style=\"height:16px\" aria-hidden=\"true\" class=\"wp-block-spacer\"><\/div>\n<\/div><\/div>\n\n\n\n<div class=\"wp-block-buttons is-content-justification-center is-layout-flex wp-container-core-buttons-is-layout-2 wp-block-buttons-is-layout-flex\">\n<div class=\"wp-block-button\"><a class=\"wp-block-button__link has-black-color has-vivid-green-cyan-background-color has-text-color has-background has-text-align-center wp-element-button\" href=\"https:\/\/cbdcentralepro.fr\/index.php\/grossiste-fleurs-de-cbd-premium\/\" target=\"_blank\" rel=\"noreferrer noopener\">Voir nos produits<\/a><\/div>\n<\/div>\n<\/div><\/div>\n\n\n\n<div style=\"height:40px\" aria-hidden=\"true\" class=\"wp-block-spacer\"><\/div>\n\n\n\n<p class=\"has-text-align-center\"><a href=\"https:\/\/cbdcentralepro.fr\/index.php\/my-account\/\" title=\"\">Espace membre<\/a><\/p>\n","protected":false},"excerpt":{"rendered":"<p>Nos marques Le CBD relaxant (naturel) Le CBD stimulant (n\u00e9o&#8211;cannabino\u00efdes) Espace membre<\/p>\n","protected":false},"author":1,"featured_media":0,"parent":0,"menu_order":0,"comment_status":"closed","ping_status":"open","template":"","meta":{"footnotes":""},"class_list":["post-2","page","type-page","status-publish","hentry","entry","owp-thumbs-layout-horizontal","owp-btn-normal","owp-tabs-layout-horizontal","has-no-thumbnails","has-product-nav"],"aioseo_notices":[],"jetpack_sharing_enabled":true,"_links":{"self":[{"href":"https:\/\/cbdcentralepro.fr\/index.php\/wp-json\/wp\/v2\/pages\/2","targetHints":{"allow":["GET"]}}],"collection":[{"href":"https:\/\/cbdcentralepro.fr\/index.php\/wp-json\/wp\/v2\/pages"}],"about":[{"href":"https:\/\/cbdcentralepro.fr\/index.php\/wp-json\/wp\/v2\/types\/page"}],"author":[{"embeddable":true,"href":"https:\/\/cbdcentralepro.fr\/index.php\/wp-json\/wp\/v2\/users\/1"}],"replies":[{"embeddable":true,"href":"https:\/\/cbdcentralepro.fr\/index.php\/wp-json\/wp\/v2\/comments?post=2"}],"version-history":[{"count":32,"href":"https:\/\/cbdcentralepro.fr\/index.php\/wp-json\/wp\/v2\/pages\/2\/revisions"}],"predecessor-version":[{"id":252,"href":"https:\/\/cbdcentralepro.fr\/index.php\/wp-json\/wp\/v2\/pages\/2\/revisions\/252"}],"wp:attachment":[{"href":"https:\/\/cbdcentralepro.fr\/index.php\/wp-json\/wp\/v2\/media?parent=2"}],"curies":[{"name":"wp","href":"https:\/\/api.w.org\/{rel}","templated":true}]}}